 + 3*z + 16. Let a = z + 44. Calculate the highest common divisor of 4 and a.
4
Let u = -87 + 51. Let m = u + 51. What is the highest common factor of m and 75?
15
Let t = 93 + -37. Suppose -50 = y - 6*y. Let g be 350/(-20)*(-8)/y. Calculate the greatest common divisor of t and g.
14
Suppose 4*p - 12 = a - 67, -5*a + 319 = 2*p. Let n be -11 - -14 - -1*4. What is the highest common divisor of n and a?
7
Let t be 1/(4/52*1). Calculate the greatest common divisor of 143 and t.
13
Let n be 4 - (-1)/(-2)*2. Suppose -n*v + j + 248 = 5*j, 5*v = -5*j + 415. Let c = 68 - 47. Calculate the greatest common divisor of c and v.
21
Let g be (10/(-5))/(2/(-3)). Suppose -j + g*j - 3*n - 44 = 0, 3*j = 3*n + 60. Calculate the greatest common divisor of j and 32.
16
Suppose -22 = -5*h + 2*i, -i = -2*h + h + 5. Suppose -12*o + 2*o = -100. What is the highest common divisor of h and o?
2
Suppose -l - l = -3*v + 114, 3*l + 117 = 3*v. Let i = 8 + 4. Suppose 0 = -4*f + f + i. What is the greatest common factor of f and v?
4
Let g be ((3 - 4) + -252)/(-1). What is the greatest common divisor of 23 and g?
23
Suppose 7 = 2*b + 3. Suppose 2*s - 68 = b. Calculate the greatest common factor of 5 and s.
5
Let t be 6*(4/6 + 0). Let v(c) = 23*c - 3. Let h be v(7). Suppose 3*q + 0 = -6, -5*d - q + h = 0. Calculate the greatest common factor of t and d.
4
Let l(c) = -2*c**3 + 15*c**2 + 10*c + 12. Let k be l(8). Calculate the highest common factor of 70 and k.
14
Let r be (0 - 0) + (-2)/(-2). Suppose u - 2 = 2. Suppose -u*t + 12 + 0 = 0. What is the highest common factor of t and r?
1
Suppose 16 = 2*y + 2*y. Suppose p - 62 = 5*l - p, -p = l + 11. Let k be (l/10)/(3/(-10)). What is the highest common factor of k and y?
4
Suppose -4*c - c + 165 = 0. Suppose -2*s = -c - 1. Calculate the greatest common factor of s and 85.
17
Let r = 17 - -11. What is the greatest common divisor of r and 70?
14
Let g = 27 + -15. Suppose 0 = m + 4*n + g - 36, -3*m - n = -17. What is the greatest common divisor of 4 and m?
4
Let x(w) be the second derivative of -w**3/3 - 11*w**2/2 - 2*w. Let r be x(-9). Let l = 45 + 18. Calculate the greatest common divisor of l and r.
7
Let p be 1 + (4/(-2))/(-2). Let t be (-1)/(-1) + (-2)/(-2). Suppose -12 = -t*c - 2. What is the highest common factor of c and p?
1
Let s be (-5)/10 + (-10)/(-4). Suppose 0 = -2*a - 4*g - 8, -5*a - 9 = s*g - 3*g. Let v be (a - -3) + 1 - -10. What is the highest common divisor of v and 4?
4
Let r(b) = -19*b - 1. Let h(u) = -10*u - 1. Let t(c) = 11*h(c) - 6*r(c). Let g be t(5). Calculate the greatest common factor of 15 and g.
15
Suppose 3*h - 64 = -4*p, -p - 88 = -3*h - 29. What is the greatest common divisor of h and 15?
5
Let d = -65 - -107. Let o(w) = -w + 16. Let s be o(-12). What is the greatest common divisor of s and d?
14
Suppose 0*d + 24 = -4*d. Let w be ((-1496)/(-12))/((-4)/d). What is the highest common divisor of w and 17?
17
Suppose 3*y = -0 + 21. Let t(w) = w**3 - 8*w**2 + 7*w + 8. Let z be t(y). Let a = z - -6. Calculate the highest common factor of a and 2.
2
Suppose -4 - 2 = -2*l. Suppose 2*w = -l*w + 20. Calculate the greatest common factor of w and 28.
4
Suppose -2*x + 5 = -x. Suppose 17 = x*i - 18. What is the greatest common divisor of i and 7?
7
Suppose 0 = -o - 0*o + 6. Let m be (-9)/o*(1 + -111). What is the greatest common factor of 15 and m?
15
Let b be (0/(-2))/(3 + 0). Let f = 13 - b. Calculate the greatest common factor of f and 65.
13
Suppose 4*r - 3*q = -r, -3*r + 24 = 3*q. Let i(p) = 7*p**3 - 4*p**2 + 3*p - 2. Let y be i(r). Calculate the greatest common divisor of 20 and y.
20
Suppose 0 = -g + 3*g - y - 638, 0 = -g + 2*y + 319. What is the highest common divisor of 29 and g?
29
Let h(b) = 5*b - 4. Let p = 16 + -11. Suppose -p = 5*f - 45. Let s be h(f). Calculate the greatest common divisor of s and 12.
12
Suppose -3*p = -102 + 18. Calculate the greatest common divisor of p and 14.
14
Let l = -2 + 2. Suppose 5*j - 10 + 40 = l. Let n be (-320)/j - 8/(-12). What is the greatest common divisor of n and 18?
18
Let o(c) = -2*c**3 + 3*c**2 + 3*c + 5. Let y(l) = l**3 - l**2 - l - 2. Let x(s) = 3*o(s) + 8*y(s). Let p be x(4). What is the highest common factor of p and 21?
21
Suppose 0 = -5*u + 8*u + 234. Let o be (-4)/26 + (-1650)/u. Suppose 44 = -3*g + 7*g + 4*m, -3*m = -4*g + 65. What is the highest common factor of g and o?
7
Suppose 4*x - 148 = 236. What is the greatest common divisor of x and 16?
16
Suppose h + 5 + 6 = z, -5*z = -4*h - 56. Suppose -15 = 5*y, 61 + 44 = 4*j + 5*y. What is the greatest common divisor of j and z?
6
Let o = -9 - -14. Let b = -13 + 19. Let z be (-30)/(-4)*20/b. Calculate the highest common divisor of o and z.
5
Let a be (-4)/(-18) - 96/(-54). Suppose -3*f = a*f - 140. Calculate the greatest common divisor of 84 and f.
28
Let p be (-2 + 1/1)*21. Let s = -17 - p. Calculate the highest common divisor of s and 28.
4
Suppose 0 = 10*c - 2*c - 120. Let p = 2 + -2. Let l(t) = t + 5. Let u be l(p). Calculate the highest common divisor of c and u.
5
Suppose 5*c = 49 + 1. Suppose -5*a = 5*m - 540, 5*m + 0*a + a = 548. Calculate the greatest common factor of c and m.
10
Suppose 4*i - 5*w - 31 = 297, -i = -2*w - 85. Let o be (2 - 1) + (-39)/3. Let h = -1 - o. Calculate the highest common divisor of h and i.
11
Suppose 6*s = -0*s + 546. Calculate the greatest common divisor of s and 13.
13
Suppose 326 = 9*j - 106. What is the greatest common factor of j and 36?
12
Suppose -70 - 280 = -14*n. What is the greatest common divisor of n and 20?
5
Suppose u = 3*u - 56. Let z = 3 + u. Suppose w - z + 127 = 5*i, 5*i + 4*w = 116. What is the greatest common factor of i and 5?
5
Let m = 1 - -1. Let t(l) = 36*l - 2. Let h be t(6). Suppose -m*p - p - 2*w = -178, -2*w = -4*p + h. What is the greatest common divisor of p and 7?
7
Let u be ((-15)/(-4))/((-5)/(-160)*6). What is the greatest common factor of u and 140?
20
Let b(x) = -x + 5. Let a be b(4). Suppose 4 = -3*j + a. Let t(z) = 4*z**2. Let w be t(j). What is the greatest common factor of 16 and w?
4
Suppose 0 = -4*i + 6*i - 4. Suppose -3*c + 22 = i*k + 2*k, 0 = c + k - 8. Calculate the highest common divisor of 30 and c.
10
Let i(z) = z**2 - 5*z + 6. Let c be i(5). Let o = -12 + c. Let g be 0/2 - o/3. What is the greatest common factor of g and 1?
1
Let i be (-20)/(-9) + 3/(-27)*2. Calculate the highest common divisor of 1 and i.
1
Let k = -7 - -20. Suppose -2*h - 3 = -2*o + 11, -4*o - h = -k. Calculate the greatest common divisor of o and 32.
4
Let m be 3 - (6*-1)/(-3). Suppose 3 + m = o. Suppose 30 = o*t - 2. Calculate the greatest common factor of t and 64.
8
Let l = 9 - 5. Suppose 2*q + 2 = 3*q, 0 = -3*h + l*q + 118. Suppose 30 = -0*b + 5*b. What is the greatest common factor of h and b?
6
Suppose -305 + 21 = -4*x - 4*n, -4*x + 5*n + 311 = 0. Suppose 4*u - 26 = x. Calculate the highest common divisor of 5 and u.
5
Suppose 4*y = 3*y + 8. Calculate the greatest common divisor of 12 and y.
4
Suppose -4*s + 32 + 48 = 0. Suppose 4 = -5*j + 4. Suppose -w + 3*m - 4 + s = j, 0 = 5*m + 10. Calculate the highest common factor of w and 70.
10
Let j = 12 + -4. Let y be (11 - j)/((-2)/(-22)). Calculate the highest common divisor of y and 264.
33
Let w be -3 + 8/6*-3. Suppose -12 = -n + 5*m + 3, 2*m = 5*n + 17. Let g = n - w. Calculate the greatest common divisor of g and 3.
1
Let v be (-4)/26 - 186/(-26). Calculate the highest common factor of 28 and v.
7
Let o = 27 - -5. Calculate the highest common factor of 288 and o.
32
Let g = -14 - -28. Let z = 36 + -11. Suppose 3*c - f - 13 = -c, -5*f = z. What is the highest common divisor of g and c?
2
Let t = 45 - -74. What is the highest common factor of t and 17?
17
Let g(z) = -z**3 + 7*z**2 + 10*z - 3. Let s be g(8). Suppose -3*a = -11 - s. What is the greatest common divisor of a and 40?
8
Let f = 47 - 9. What is the highest common factor of f and 38?
38
Let p be 4/14 - 2004/(-42). Let l = 44 - 28. Calculate the highest common factor of l and p.
16
Let p(m) = 2*m**2 + 8*m - 18. Let y be p(9). Calculate the greatest common divisor of 24 and y.
24
Let q(y) = -29*y + 4. Let g(x) = -x**2 + x - 4. Let m be g(0). Let o be q(m). Let h be 1/(1 - o/121). What is the greatest common divisor of 11 and h?
11
Let m be -